hat is the units digit of 6964807?
7
What is the thousands digit of 148690620?
0
What is the units digit of 46970231?
1
What is the thousands digit of 7701279388?
9
What is the ten millions digit of 33152257?
3
What is the hundred thousands digit of 198978159?
9
What is the units digit of 76253817?
7
What is the thousands digit of 41490212?
0
What is the hundreds digit of 1073368540?
5
What is the hundreds digit of 548581170?
1
What is the billions digit of 2766062831?
2
What is the hundreds digit of 268499546?
5
What is the units digit of 67155764?
4
What is the units digit of 300806830?
0
What is the units digit of 127933873?
3
What is the millions digit of 1975413490?
5
What is the units digit of 17948291?
1
What is the tens digit of 84012533?
3
What is the thousands digit of 1603806667?
6
What is the units digit of 38136417?
7
What is the tens digit of 4513186579?
7
What is the tens digit of 2926358642?
4
What is the thousands digit of 292736025?
6
What is the hundreds digit of 1567121557?
5
What is the hundreds digit of 39770897?
8
What is the units digit of 3562899605?
5
What is the units digit of 880141758?
8
What is the hundred thousands digit of 31699128?
6
What is the hundred thousands digit of 2947594632?
5
What is the ten millions digit of 176803116?
7
What is the units digit of 657606998?
8
What is the units digit of 128740562?
2
What is the hundred thousands digit of 254938141?
9
What is the thousands digit of 329589297?
9
What is the thousands digit of 3356026539?
6
What is the ten thousands digit of 127448334?
4
What is the millions digit of 41350169?
1
What is the hundred thousands digit of 2873384770?
3
What is the tens digit of 132264133?
3
What is the units digit of 27165831?
1
What is the millions digit of 1881041790?
1
What is the millions digit of 79390793?
9
What is the thousands digit of 57396838?
6
What is the hundred thousands digit of 1061333683?
3
What is the hundred thousands digit of 3070684117?
6
What is the hundred thousands digit of 4539295520?
2
What is the ten millions digit of 267279574?
6
What is the units digit of 216031507?
7
What is the tens digit of 4380408580?
8
What is the thousands digit of 15841658?
1
What is the ten thousands digit of 1117665831?
6
What is the hundred thousands digit of 1997303576?
3
What is the ten thousands digit of 223006338?
0
What is the millions digit of 13029181?
3
What is the hundred thousands digit of 273290052?
2
What is the tens digit of 24063227?
2
What is the millions digit of 1010787446?
0
What is the thousands digit of 110921810?
1
What is the hundred thousands digit of 132886958?
8
What is the tens digit of 94458571?
7
What is the hundreds digit of 34515372?
3
What is the hundred millions digit of 1600145274?
6
What is the hundred millions digit of 2479171122?
4
What is the tens digit of 1587110?
1
What is the ten millions digit of 1425141012?
2
What is the hundred thousands digit of 545273433?
2
What is the hundred millions digit of 426359631?
4
What is the hundred thousands digit of 39141243?
1
What is the hundred millions digit of 269781108?
2
What is the thousands digit of 528198391?
8
What is the ten millions digit of 393610954?
9
What is the hundred millions digit of 293454127?
2
What is the ten thousands digit of 303882332?
8
What is the units digit of 148605856?
6
What is the hundreds digit of 179608424?
4
What is the ten millions digit of 2188957462?
8
What is the thousands digit of 239222641?
2
What is the units digit of 44547451?
1
What is the hundred millions digit of 6824067947?
8
What is the millions digit of 7944463?
7
What is the hundred millions digit of 491470073?
4
What is the tens digit of 33840655?
5
What is the thousands digit of 1856236811?
6
What is the units digit of 20046126?
6
What is the ten thousands digit of 204836737?
3
What is the hundred thousands digit of 877430819?
4
What is the billions digit of 1059645256?
1
What is the billions digit of 2378691746?
2
What is the ten millions digit of 366821765?
6
What is the ten millions digit of 114150603?
1
What is the hundred millions digit of 2365251198?
3
What is the hundred thousands digit of 723623064?
6
What is the ten thousands digit of 99840693?
4
What is the tens digit of 5702141313?
1
What is the tens digit of 68510255?
5
What is the tens digit of 15826295?
9
What is the millions digit of 23035734?
3
What is the units digit of 877547898?
8
What is the hundreds digit of 157082886?
8
What is the tens digit of 516148512?
1
What is the hundred thousands digit of 18692416?
6
What is the thousands digit of 321863376?
3
What is the hundred millions digit of 2354813189?
3
What is the hundreds digit of 1145219152?
1
What is the hundreds digit of 1440018687?
6
What is the thousands digit of 2454706200?
6
What is the tens digit of 65395732?
3
What is the hundred thousands digit of 340961747?
9
What is the millions digit of 516299467?
6
What is the ten millions digit of 91042574?
9
What is the ten thousands digit of 58624575?
2
What is the ten millions digit of 231896761?
3
What is the thousands digit of 39961548?
1
What is the millions digit of 147114118?
7
What is the units digit of 72928362?
2
What is the millions digit of 6128393?
6
What is the hundred thousands digit of 422094211?
0
What is the tens digit of 3178789956?
5
What is the hundred millions digit of 393003208?
3
What is the ten thousands digit of 997572073?
7
What is the hundreds digit of 2246881778?
7
What is the billions digit of 2614094598?
2
What is the ten thousands digit of 464501649?
0
What is the hundred millions digit of 581960033?
5
What is the millions digit of 1726186015?
6
What is the hundreds digit of 91858975?
9
What is the units digit of 179092366?
6
What is the ten millions digit of 592858594?
9
What is the tens digit of 113766773?
7
What is the ten thousands digit of 29545798?
4
What is the hundred thousands digit of 51388408?
3
What is the hundred millions digit of 902750907?
9
What is the thousands digit of 17587515?
7
What is the thousands digit of 72710028?
0
What is the tens digit of 1591716843?
4
What is the units digit of 4183503302?
2
What is the hundred thousands digit of 372049854?
0
What is the ten thousands digit of 4339713833?
1
What is the hundreds digit of 84143968?
9
What is the ten millions digit of 48833926?
4
What is the ten millions digit of 49078041?
4
What is the ten millions digit of 364863944?
6
What is the units digit of 17725849?
9
What is the tens digit of 4292480725?
2
What is the ten thousands digit of 27637113?
3
What is the tens digit of 2009188131?
3
What is the units digit of 41514673?
3
What is the units digit of 1603050542?
2
What is the millions digit of 103497452?
3
What is the ten thousands digit of 344755545?
5
What is the thousands digit of 12339126?
9
What is the hundreds digit of 322347578?
5
What is the ten thousands digit of 70774399?
7
What is the ten thousands digit of 744003561?
0
What is the ten millions digit of 10526802?
1
What is the hundred millions digit of 307641805?
3
What is the ten millions digit of 228015513?
2
What is the tens digit of 6829499?
9
What is the hundred millions digit of 3019937796?
0
What is the hundred millions digit of 3817088525?
8
What is the ten thousands digit of 43447904?
4
What is the hundred millions digit of 3046518073?
0
What is the ten thousands digit of 465115813?
1
What is the millions digit of 1283523081?
3
What is the hundreds digit of 47990843?
8
What is the hundred thousands digit of 76033553?
0
What is the ten thousands digit of 174909948?
0
What is the tens digit of 393593767?
6
What is the hundreds digit of 42093722?
7
What is the ten thousands digit of 595627092?
2
What is the hundreds digit of 79302203?
2
What is the units digit of 446649017?
7
What is the tens digit of 90777335?
3
What is the thousands digit of 170279109?
9
What is the ten millions digit of 49608146?
4
What is the hundred thousands digit of 89329159?
3
What is the ten thousands digit of 425374350?
7
What is the hundreds digit of 274620078?
0
What is the ten thousands digit of 896615214?
1
What is the ten millions digit of 186023746?
8
What is the millions digit of 4583220571?
3
What is the hundreds digit of 2206871005?
0
What is the hundred thou